 17 - 4. Let m = 201 - 110. What is the highest common factor of m and v?
13
Let c(z) = -z**2 - 13*z + 10. Let x be c(-9). What is the greatest common divisor of x and 69?
23
Let g be (-10)/(-60) + (-209)/(-6). Suppose -g + 12 = -d. Let w be ((-4)/6)/(4/(-138)). What is the greatest common divisor of d and w?
23
Suppose 12*f + 13*f = 175. What is the highest common factor of 224 and f?
7
Let c be -2*2/4 + -34. Let m be 34/5 - 7/c. Calculate the greatest common factor of 35 and m.
7
Let q be -1*71*(1 - 0). Let u = -20 - q. Calculate the highest common factor of 34 and u.
17
Let t be (-2)/3*(-342)/6. Suppose 4*k = 42 + t. Calculate the greatest common divisor of k and 30.
10
Let j = 13 - 10. Suppose -j*b = b. Suppose g - x - 19 = -b*x, -g = x - 21. What is the highest common divisor of g and 20?
20
Suppose t + 0 = 5. What is the highest common divisor of 5 and t?
5
Let l = 712 + -348. Calculate the greatest common divisor of 52 and l.
52
Suppose 3*t + 2*t + m - 44 = 0, -5*t + 2*m + 32 = 0. What is the greatest common divisor of 12 and t?
4
Let j(n) = -n**2 + 9*n - 12. Let m be j(6). What is the highest common factor of 30 and m?
6
Suppose 20 = 29*u - 24*u. Calculate the highest common divisor of 28 and u.
4
Suppose -53 = -d - y, d + 3*d = -3*y + 207. Calculate the greatest common factor of 72 and d.
24
Let l be (264/(-42))/(2/(-7)). Calculate the greatest common divisor of l and 22.
22
Let q(r) = r**3 + 7*r**2 - 10*r - 8. Let k be q(-8). What is the highest common divisor of 40 and k?
8
Let h be (1/(-2))/(2/4). Let b be 3 + h + (0 - -1). Let q(c) = -c**2 + c + 27. Let j be q(0). What is the highest common divisor of b and j?
3
Let q(d) = -5*d + 7. Let b be q(-3). Calculate the highest common divisor of 33 and b.
11
Let d be 11 - 6 - (2 - 1). Let v be (-8)/28 + (-310)/(-7). What is the highest common factor of v and d?
4
Let c(w) = -w**2 - 5*w + 3. Let m be c(-5). Suppose 0 = k - m. Calculate the greatest common divisor of k and 9.
3
Let b(g) = -2*g + 28. Let i(w) = w - 9. Let q(p) = -6*b(p) - 17*i(p). Let h be q(-10). Calculate the highest common factor of h and 7.
7
Let k = 24 - 18. What is the greatest common divisor of 8 and k?
2
Let k be ((-1)/3)/((-2)/42). Suppose -k*s + 384 = -3*s. Let r(w) = -w**3 + 6*w**2 + 10*w - 9. Let x be r(7). Calculate the greatest common divisor of s and x.
12
Suppose -265 = -12*x + 47. What is the highest common divisor of x and 78?
26
Let n = -14 + 34. Let r be 2 + (-1 - -1)/3. Suppose r + 13 = 3*d. Calculate the greatest common divisor of d and n.
5
Let x be 1*(1 - -5)/2. Suppose -l - 16 = -x*l. Calculate the highest common factor of l and 16.
8
Let g = 57 - 39. Calculate the highest common divisor of g and 9.
9
Let z = 23 - 130. Let k = -72 - z. Suppose 3*c + 30 = 3*g, 0 = -g + 3*c + 16 - 0. Calculate the highest common divisor of k and g.
7
Let h be (27/(-4))/((-6)/24). What is the highest common divisor of h and 108?
27
Suppose -s - 2*s = -5*t + 52, 3*t + 3*s - 12 = 0. Calculate the greatest common factor of t and 2.
2
Suppose f + 3 = 4*f. Suppose 61 = 5*c + 16. Calculate the greatest common factor of f and c.
1
Suppose 4*l + p = -0*l + 1235, -3*l - 4*p = -910. What is the highest common factor of 10 and l?
10
Let z = -111 - -293. Calculate the highest common divisor of 14 and z.
14
Suppose 2*c = 3*c - 1. Let m(k) = -k**2 + k + 3. Let d be m(2). Let j(b) = 5*b. Let r be j(d). What is the greatest common factor of c and r?
1
Let z(v) be the third derivative of -13*v**4/24 + 2*v**2. Let x be 12/(-54) + 7/(-9). Let g be z(x). What is the highest common divisor of g and 117?
13
Let v = -8 - -48. Suppose -n + v = -5*n. Let h be 48/22 + n/55. Calculate the greatest common divisor of 6 and h.
2
Let f(g) = g**2 - g - 1. Let s(h) = h**2 + 2*h - 6. Let q(r) = f(r) + s(r). Let l be q(5). Calculate the greatest common factor of l and 12.
12
Let c(s) be the first derivative of -s**4/4 + 10*s - 2. Let m be c(0). What is the highest common factor of 5 and m?
5
Let w(n) = -n**3 - 7*n**2 - 8*n - 4. Let y be w(-6). Let o be -2*y*(-2)/4. Let s = o + 40. What is the greatest common factor of 32 and s?
16
Let i be (63/(-12))/((-1)/8). Suppose 0 = 7*t - 4*t - 189. What is the greatest common factor of i and t?
21
Suppose -3*i + 4*g + 232 = -0*g, -244 = -3*i - 2*g. Calculate the greatest common factor of i and 16.
16
Let q = 91 - 79. Calculate the greatest common divisor of 12 and q.
12
Let p(v) = -4*v - 6. Let c be p(-5). Let m = c - 7. Calculate the highest common divisor of 49 and m.
7
Let x = 34 + -33. Calculate the highest common factor of 1 and x.
1
Let v(w) = 3*w**3 + w. Let s be v(1). Suppose -j = -0*j - 10. Suppose j*r - 5*r - 63 = -3*x, -3*r + 2*x = -34. What is the highest common divisor of s and r?
4
Suppose -10*p + 176 = -8*p. What is the greatest common divisor of 22 and p?
22
Let s(j) = j**3 - 7*j**2 - 7*j + 6. Let v be s(8). What is the highest common factor of v and 14?
14
Suppose -5*r - 53 - 21 = -2*b, b - r = 31. Suppose -3 = 4*a + 17, 0 = -3*v + 5*a + 673. Calculate the highest common divisor of b and v.
27
Suppose -5*k + 658 = -422. What is the highest common factor of k and 24?
24
Let a be (-1 + 11)*24/60. Suppose 3*c = 5*f - a*f + 349, 0 = -3*c + 4*f + 352. What is the highest common factor of 29 and c?
29
Let j = -69 - -117. Let c be ((-6)/8)/((-2)/j). Calculate the greatest common divisor of c and 27.
9
Suppose 11*c - 514 - 344 = 0. What is the greatest common factor of c and 52?
26
Let g = -26 - -41. What is the highest common divisor of g and 15?
15
Suppose o - 2*o = -42. What is the greatest common divisor of o and 14?
14
Let y(o) = -15*o - 15. Let l be y(-6). Calculate the highest common factor of 15 and l.
15
Suppose 6*k = 115 + 29. Calculate the highest common divisor of 3 and k.
3
Let i(t) = -t**3 + t**2 - t. Let p(f) = -278*f**3 + 4*f**2 - 2*f. Let x(z) = -3*i(z) + p(z). Let w be x(-1). What is the highest common factor of w and 25?
25
Let a be (-22)/(-3)*33/22. Calculate the greatest common factor of 11 and a.
11
Suppose 2*t = 2*k - 94, 4*k + 0*t + t = 203. Let i be (-2 + 33/9)*18. Let z = k - i. Calculate the highest common factor of 4 and z.
4
Let r be (9/15 - 1)*-5. Suppose -5*k - 8 = -5*z - 33, 4*k = -r*z + 20. Let t = 7 + z. Calculate the highest common divisor of t and 21.
7
Let g(v) = 2*v**3 - 2*v**2 + 6. Let s(c) = -c**3 + 3*c**2 + c - 5. Let x(k) = 2*g(k) + 3*s(k). Let p be x(-4). What is the highest common divisor of 4 and p?
1
Suppose 0 = 3*o + o + 5*k - 556, -4*k = -3*o + 448. Calculate the greatest common factor of 16 and o.
16
Let b = 9 + -6. Suppose -2*p = -g - 27, b*g - 18 = -3*p - 0*g. What is the greatest common divisor of 22 and p?
11
Suppose -5*m + 12*m = 28. Suppose 2*z = -4*l + 138, 3*l = -4*z + 180 - 64. Calculate the highest common factor of m and l.
4
Suppose -4*s = -78 - 354. Suppose 4*o - 4 = 140. Suppose o = 6*c - 3*c. What is the greatest common factor of s and c?
12
Let d(t) = -3*t - 30. Let u be d(-15). What is the greatest common divisor of u and 15?
15
Let x(l) = 19*l + 7*l + 4 + 1. Let k be x(5). What is the highest common factor of 15 and k?
15
Let n(a) = -14*a - 2. Let f be n(-2). Suppose 2*u = -3*u + 325. Calculate the highest common factor of f and u.
13
Let o(a) = 3*a - 2 - a**2 + 8*a + 2 + 2. Let k be o(11). Calculate the highest common divisor of 18 and k.
2
Suppose 5*n - 2176 = n. Let j = -4 + -1. Let v be j/(-15) + n/6. Calculate the greatest common factor of v and 13.
13
Let y be (36/(-10))/((2 + 1)/(-15)). Let t = -210 - -408. What is the highest common factor of y and t?
18
Suppose 60 = 4*o - q + 3*q, -3*o = 2*q - 45. What is the highest common factor of 40 and o?
5
Let o(m) = m - 3. Let p be o(3). Let g(y) = 2*y + 1. Let i be g(-1). Let f = p - i. What is the greatest common factor of 4 and f?
1
Let q = -60 - -41. Suppose 4*u = -w - 9, -4*u + w + 1 = -0*w. Let z = u - q. What is the greatest common divisor of z and 90?
18
Let n = -67 - -45. Let o = -8 - n. Let w(s) = -12*s - 6. Let z be w(-4). What is the highest common divisor of o and z?
14
Let w = 3 + 2. Let f = 12 - 5. Suppose -f*a + w*v = -2*a - 710, 2*v - 157 = -a. What is the greatest common factor of 21 and a?
21
Suppose 11 + 6 = l. What is the highest common factor of 17 and l?
17
Suppos